{"id":251,"date":"2023-11-13T15:02:30","date_gmt":"2023-11-13T15:02:30","guid":{"rendered":"https:\/\/guruwines.com.ar\/?page_id=251"},"modified":"2023-11-14T01:30:01","modified_gmt":"2023-11-14T01:30:01","slug":"eventos","status":"publish","type":"page","link":"https:\/\/guruwines.com.ar\/index.php\/eventos\/","title":{"rendered":"Eventos"},"content":{"rendered":"\n<h1 style=\"text-align: center;\"><span style=\"color: #c77334;\">PR\u00d3XIMOS EVENTOS<\/span><\/h1>\n\t<div id=\"text-1212717286\" class=\"text\">\n\t\t\n\n<p>En esta secci\u00f3n, te extendemos una cordial invitaci\u00f3n a sumergirte en experiencias sensoriales \u00fanicas, meticulosamente dise\u00f1adas para despertar tus sentidos y enriquecer tu conexi\u00f3n con el fascinante universo del vino.<\/p>\n<p>Emb\u00e1rcate en el descubrimiento del arte de disfrutar con nosotros. Desde eventos vibrantes que celebran la diversidad de nuestras cosechas hasta encuentros \u00edntimos que revelan historias detr\u00e1s de nuestros exquisitos vinos, cada ocasi\u00f3n representa una oportunidad para compartir momentos especiales y explorar la riqueza de nuestros sabores.<\/p>\n<p>Consulta nuestra programaci\u00f3n a continuaci\u00f3n y an\u00edmate a unirte a nosotros en este apasionante viaje vin\u00edcola. Cada evento es una nueva aventura, y estamos emocionados de compartirla contigo.<\/p>\n\t\t\n<style>\n#text-1212717286 {\n  text-align: left;\n}\n<\/style>\n\t<\/div>\n\t\n\n  \n    <div class=\"row large-columns-2 medium-columns-1 small-columns-1 has-shadow row-box-shadow-2 row-box-shadow-5-hover slider row-slider slider-nav-simple slider-nav-outside\"  data-flickity-options='{&quot;imagesLoaded&quot;: true, &quot;groupCells&quot;: &quot;100%&quot;, &quot;dragThreshold&quot; : 5, &quot;cellAlign&quot;: &quot;left&quot;,&quot;wrapAround&quot;: true,&quot;prevNextButtons&quot;: true,&quot;percentPosition&quot;: true,&quot;pageDots&quot;: false, &quot;rightToLeft&quot;: false, &quot;autoPlay&quot; : false}' >\n\n  <div class=\"col post-item\" >\n\t\t\t<div class=\"col-inner\">\n\t\t\t\t<div class=\"box box-vertical box-text-bottom box-blog-post has-hover\">\n            \t\t\t\t\t<div class=\"box-image\" style=\"width:43%;\">\n  \t\t\t\t\t\t<div class=\"image-cover\" style=\"padding-top:89%;\">\n\t\t\t\t\t\t\t<a href=\"https:\/\/guruwines.com.ar\/index.php\/2023\/11\/13\/mercado-de-bodegas-club-hipico-cordoba\/\" class=\"plain\" aria-label=\"GUR\u00da EN MERCADO DE BODEGAS &#8211; CLUB H\u00cdPICO (C\u00d3RDOBA)\">\n\t\t\t\t\t\t\t\t<img loading=\"lazy\" decoding=\"async\" width=\"295\" height=\"300\" src=\"https:\/\/guruwines.com.ar\/wp-content\/uploads\/2023\/11\/cordoba0-295x300.jpg\" class=\"attachment-medium size-medium wp-post-image\" alt=\"Gur\u00fa en mercado de bodegas\" srcset=\"https:\/\/guruwines.com.ar\/wp-content\/uploads\/2023\/11\/cordoba0-295x300.jpg 295w, https:\/\/guruwines.com.ar\/wp-content\/uploads\/2023\/11\/cordoba0.jpg 323w\" sizes=\"auto, (max-width: 295px) 100vw, 295px\" \/>\t\t\t\t\t\t\t<\/a>\n  \t\t\t\t\t\t\t  \t\t\t\t\t\t\t  \t\t\t\t\t\t<\/div>\n  \t\t\t\t\t\t  \t\t\t\t\t<\/div>\n          \t\t\t\t\t<div class=\"box-text text-center\" >\n\t\t\t\t\t<div class=\"box-text-inner blog-post-inner\">\n\n\t\t\t\t\t\n\t\t\t\t\t\t\t\t\t\t<h5 class=\"post-title is-large \">\n\t\t\t\t\t\t<a href=\"https:\/\/guruwines.com.ar\/index.php\/2023\/11\/13\/mercado-de-bodegas-club-hipico-cordoba\/\" class=\"plain\">GUR\u00da EN MERCADO DE BODEGAS &#8211; CLUB H\u00cdPICO (C\u00d3RDOBA)<\/a>\n\t\t\t\t\t<\/h5>\n\t\t\t\t\t\t\t\t\t\t<div class=\"is-divider\"><\/div>\n\t\t\t\t\t\t\t\t\t\t<p class=\"from_the_blog_excerpt \">\n\t\t\t\t\t\t\t\t\t\t\t<\/p>\n\t\t\t\t\t                    \n\t\t\t\t\t\n\t\t\t\t\t\n\t\t\t\t\t<\/div>\n\t\t\t\t\t<\/div>\n\t\t\t\t\t\t\t\t\t<\/div>\n\t\t\t<\/div>\n\t\t<\/div><\/div>\n\n\n","protected":false},"excerpt":{"rendered":"","protected":false},"author":1,"featured_media":0,"parent":0,"menu_order":0,"comment_status":"closed","ping_status":"closed","template":"","meta":{"_seopress_robots_primary_cat":"","_seopress_titles_title":"","_seopress_titles_desc":"","_seopress_robots_index":"","_joinchat":[],"footnotes":""},"class_list":["post-251","page","type-page","status-publish","hentry"],"_links":{"self":[{"href":"https:\/\/guruwines.com.ar\/index.php\/wp-json\/wp\/v2\/pages\/251","targetHints":{"allow":["GET"]}}],"collection":[{"href":"https:\/\/guruwines.com.ar\/index.php\/wp-json\/wp\/v2\/pages"}],"about":[{"href":"https:\/\/guruwines.com.ar\/index.php\/wp-json\/wp\/v2\/types\/page"}],"author":[{"embeddable":true,"href":"https:\/\/guruwines.com.ar\/index.php\/wp-json\/wp\/v2\/users\/1"}],"replies":[{"embeddable":true,"href":"https:\/\/guruwines.com.ar\/index.php\/wp-json\/wp\/v2\/comments?post=251"}],"version-history":[{"count":11,"href":"https:\/\/guruwines.com.ar\/index.php\/wp-json\/wp\/v2\/pages\/251\/revisions"}],"predecessor-version":[{"id":300,"href":"https:\/\/guruwines.com.ar\/index.php\/wp-json\/wp\/v2\/pages\/251\/revisions\/300"}],"wp:attachment":[{"href":"https:\/\/guruwines.com.ar\/index.php\/wp-json\/wp\/v2\/media?parent=251"}],"curies":[{"name":"wp","href":"https:\/\/api.w.org\/{rel}","templated":true}]}}