{"id":15,"date":"2023-11-09T23:51:04","date_gmt":"2023-11-09T23:51:04","guid":{"rendered":"https:\/\/guruwines.com.ar\/?post_type=product&#038;p=15"},"modified":"2025-12-21T15:08:47","modified_gmt":"2025-12-21T15:08:47","slug":"guru-malbec-x-6","status":"publish","type":"product","link":"https:\/\/guruwines.com.ar\/index.php\/product\/guru-malbec-x-6\/","title":{"rendered":"Gur\u00fa 100% Malbec x 6 unidades"},"content":{"rendered":"\n<p>Gur\u00fa Malbec es una obra maestra vin\u00edcola que deleitar\u00e1 tu paladar con cada sorbo.  Un blend con car\u00e1cter y elegancia. Color profundo con impactantes reflejos viol\u00e1ceos que prometen una experiencia sensorial excepcional.<\/p>\n\n\n\n<p>Este pack de 6 botellas es perfecto para los amantes del vino que buscan calidad y sofisticaci\u00f3n. Ya sea para una cena especial, una celebraci\u00f3n o simplemente para disfrutar de momentos cotidianos, Gur\u00fa Malbec eleva cualquier ocasi\u00f3n.<\/p>\n\n\n\n<p>Nuestro vino es el resultado de una cuidadosa selecci\u00f3n de uvas Malbec, cultivadas con pasi\u00f3n y dedicaci\u00f3n. Cada botella es el fruto de a\u00f1os de experiencia en la vinificaci\u00f3n, garantizando un producto que refleja la excelencia en cada gota.<\/p>\n\n\n\n<p>No te pierdas la oportunidad de tener tu propio Gur\u00fa Malbec x 6 botellas. \u00a1Haz de cada momento una experiencia inolvidable con la magia de este vino excepcional!<\/p>\n","protected":false},"excerpt":{"rendered":"<p>\u00a1Descubre la majestuosidad de nuestro Gur\u00fa Malbec con esta oferta exclusiva de 6 botellas! Sum\u00e9rgete en la elegancia de este vino excepcional que captura la esencia de los vi\u00f1edos m\u00e1s selectos.<\/p>\n","protected":false},"featured_media":361,"template":"","meta":{"_seopress_robots_primary_cat":"","_seopress_titles_title":"","_seopress_titles_desc":"","_seopress_robots_index":"","_joinchat":[]},"product_brand":[],"product_cat":[16],"product_tag":[19],"class_list":{"0":"post-15","1":"product","2":"type-product","3":"status-publish","4":"has-post-thumbnail","6":"product_cat-guru-malbec","7":"product_tag-vino-guru-malbec-x-6-botellas","9":"first","10":"instock","11":"sale","12":"taxable","13":"shipping-taxable","14":"purchasable","15":"product-type-simple"},"_links":{"self":[{"href":"https:\/\/guruwines.com.ar\/index.php\/wp-json\/wp\/v2\/product\/15","targetHints":{"allow":["GET"]}}],"collection":[{"href":"https:\/\/guruwines.com.ar\/index.php\/wp-json\/wp\/v2\/product"}],"about":[{"href":"https:\/\/guruwines.com.ar\/index.php\/wp-json\/wp\/v2\/types\/product"}],"wp:featuredmedia":[{"embeddable":true,"href":"https:\/\/guruwines.com.ar\/index.php\/wp-json\/wp\/v2\/media\/361"}],"wp:attachment":[{"href":"https:\/\/guruwines.com.ar\/index.php\/wp-json\/wp\/v2\/media?parent=15"}],"wp:term":[{"taxonomy":"product_brand","embeddable":true,"href":"https:\/\/guruwines.com.ar\/index.php\/wp-json\/wp\/v2\/product_brand?post=15"},{"taxonomy":"product_cat","embeddable":true,"href":"https:\/\/guruwines.com.ar\/index.php\/wp-json\/wp\/v2\/product_cat?post=15"},{"taxonomy":"product_tag","embeddable":true,"href":"https:\/\/guruwines.com.ar\/index.php\/wp-json\/wp\/v2\/product_tag?post=15"}],"curies":[{"name":"wp","href":"https:\/\/api.w.org\/{rel}","templated":true}]}}