{"id":362,"date":"2024-05-21T13:48:43","date_gmt":"2024-05-21T13:48:43","guid":{"rendered":"https:\/\/guruwines.com.ar\/?post_type=product&#038;p=362"},"modified":"2025-12-21T15:09:46","modified_gmt":"2025-12-21T15:09:46","slug":"estuche-de-madera-guru-malbec","status":"publish","type":"product","link":"https:\/\/guruwines.com.ar\/index.php\/product\/estuche-de-madera-guru-malbec\/","title":{"rendered":"Estuche de madera Gur\u00fa Malbec"},"content":{"rendered":"\n<p>Gur\u00fa Gran Corte es una obra maestra vin\u00edcola que deleitar\u00e1 tu paladar con cada sorbo.  <\/p>\n\n\n\n<p>El acto de acercar la copa a la nariz revela la frescura y aromas de frutos rojos, acompa\u00f1ados de notas especiadas y florales, balanceando esta sinfon\u00eda olfativa con la vainilla y el chocolate negro aportado durante su crianza de 10 eses en roble franc\u00e9s.<\/p>\n\n\n\n<p>Este pack de 3 botellas es perfecto para los amantes del vino que buscan calidad y sofisticaci\u00f3n. Ya sea para una cena especial, una celebraci\u00f3n o simplemente para disfrutar de momentos cotidianos, Gur\u00fa Malbec eleva cualquier ocasi\u00f3n.<\/p>\n\n\n\n<p>No te pierdas la oportunidad de tener tu propio Gur\u00fa Gran Corte x 3 botellas. \u00a1Haz de cada momento una experiencia inolvidable con la magia de este vino excepcional!<\/p>\n","protected":false},"excerpt":{"rendered":"<p>Un regalo especial para alguien especial. Sorprende a tu agasajado con la presencia de nuestra presentaci\u00f3n y la elegancia de este vino excepcional que captura la esencia de los vi\u00f1edos m\u00e1s selectos de Valle de Uco.<\/p>\n","protected":false},"featured_media":367,"template":"","meta":{"_seopress_robots_primary_cat":"","_seopress_titles_title":"","_seopress_titles_desc":"","_seopress_robots_index":"","_joinchat":[]},"product_brand":[],"product_cat":[17],"product_tag":[41],"class_list":{"0":"post-362","1":"product","2":"type-product","3":"status-publish","4":"has-post-thumbnail","6":"product_cat-guru-gran-corte","7":"product_tag-vino-guru-malbec-x-2-unidades","9":"first","10":"instock","11":"sale","12":"taxable","13":"shipping-taxable","14":"purchasable","15":"product-type-simple"},"_links":{"self":[{"href":"https:\/\/guruwines.com.ar\/index.php\/wp-json\/wp\/v2\/product\/362","targetHints":{"allow":["GET"]}}],"collection":[{"href":"https:\/\/guruwines.com.ar\/index.php\/wp-json\/wp\/v2\/product"}],"about":[{"href":"https:\/\/guruwines.com.ar\/index.php\/wp-json\/wp\/v2\/types\/product"}],"wp:featuredmedia":[{"embeddable":true,"href":"https:\/\/guruwines.com.ar\/index.php\/wp-json\/wp\/v2\/media\/367"}],"wp:attachment":[{"href":"https:\/\/guruwines.com.ar\/index.php\/wp-json\/wp\/v2\/media?parent=362"}],"wp:term":[{"taxonomy":"product_brand","embeddable":true,"href":"https:\/\/guruwines.com.ar\/index.php\/wp-json\/wp\/v2\/product_brand?post=362"},{"taxonomy":"product_cat","embeddable":true,"href":"https:\/\/guruwines.com.ar\/index.php\/wp-json\/wp\/v2\/product_cat?post=362"},{"taxonomy":"product_tag","embeddable":true,"href":"https:\/\/guruwines.com.ar\/index.php\/wp-json\/wp\/v2\/product_tag?post=362"}],"curies":[{"name":"wp","href":"https:\/\/api.w.org\/{rel}","templated":true}]}}